{"id":405,"date":"2023-05-28T18:18:12","date_gmt":"2023-05-28T18:18:12","guid":{"rendered":"https:\/\/topseguridad.cl\/?post_type=product&#038;p=405"},"modified":"2023-05-28T18:18:13","modified_gmt":"2023-05-28T18:18:13","slug":"zapato-botin-de-seguridad-mujer-climber-viedma","status":"publish","type":"product","link":"https:\/\/topseguridad.cl\/?product=zapato-botin-de-seguridad-mujer-climber-viedma","title":{"rendered":"Zapato Botin De Seguridad Mujer Climber Viedma"},"content":{"rendered":"<p>VER GUIA DE TALLAS ANTES DE COMPRAR, SE\u00d1ALA LA TALLA RESPECTO AL LARGO DEL PIE.<br \/>\n35 23,0 cm<br \/>\n36 23,7 cm<br \/>\n37 24,4 cm<br \/>\n38 25,1 cm<br \/>\n39 25,8 cm<br \/>\n40 26,5 cm<br \/>\n41 27,1 cm<\/p>\n<p>CONSTRUCCI\u00d3N:<br \/>\nCementado.<\/p>\n<p>APARADO:<br \/>\nCuero Nobuk \/ TPU WATER RESISTANT<\/p>\n<p>FORRO<br \/>\nSplit Leather y aislante t\u00e9rmico Thinsulate de 200grs.<\/p>\n<p>PLANTA:<br \/>\nBimaterialidad Caucho y Eva con aislaci\u00f3n el\u00e9ctrica y sistema anti torsi\u00f3n.<\/p>\n<p>PUNTERA:<br \/>\nComposite, en base a norma NCh 772\/2.<\/p>\n<p>PLANTILLA DE ARMADO:<br \/>\nTecnolog\u00eda penetration proof anticlavos.<\/p>\n<p>PLANTILLA INTERIOR<br \/>\nPreformada intercambiable de poliuretano con tratamiento antimic\u00f3tico y<br \/>\ntecnolog\u00edas SHOCK ABSORBER y COMFORT FIT.<\/p>\n<p>PASACORDONES<br \/>\nCinta tejida extra resistente.<\/p>\n","protected":false},"excerpt":{"rendered":"<p>VER GUIA DE TALLAS ANTES DE COMPRAR, SE\u00d1ALA LA TALLA RESPECTO AL LARGO DEL PIE. 35 23,0 cm 36 23,7 cm 37 24,4 cm 38 25,1 cm 39 25,8 cm 40 26,5 cm 41 27,1 cm CONSTRUCCI\u00d3N: Cementado. APARADO: Cuero Nobuk \/ TPU WATER RESISTANT FORRO Split Leather y aislante t\u00e9rmico Thinsulate de 200grs. PLANTA: &hellip;<\/p>\n<p class=\"read-more\"> <a class=\"\" href=\"https:\/\/topseguridad.cl\/?product=zapato-botin-de-seguridad-mujer-climber-viedma\"> <span class=\"screen-reader-text\">Zapato Botin De Seguridad Mujer Climber Viedma<\/span> Leer m\u00e1s &raquo;<\/a><\/p>\n","protected":false},"featured_media":406,"comment_status":"open","ping_status":"closed","template":"","meta":{"site-sidebar-layout":"default","site-content-layout":"default","ast-global-header-display":"","ast-banner-title-visibility":"","ast-main-header-display":"","ast-hfb-above-header-display":"","ast-hfb-below-header-display":"","ast-hfb-mobile-header-display":"","site-post-title":"","ast-breadcrumbs-content":"","ast-featured-img":"","footer-sml-layout":"","theme-transparent-header-meta":"default","adv-header-id-meta":"","stick-header-meta":"","header-above-stick-meta":"","header-main-stick-meta":"","header-below-stick-meta":""},"product_cat":[19],"product_tag":[],"class_list":{"0":"post-405","1":"product","2":"type-product","3":"status-publish","4":"has-post-thumbnail","6":"product_cat-calzados","7":"desktop-align-left","8":"tablet-align-left","9":"mobile-align-left","11":"first","12":"instock","13":"shipping-taxable","14":"product-type-external"},"yoast_head":"<!-- This site is optimized with the Yoast SEO plugin v20.7 - https:\/\/yoast.com\/wordpress\/plugins\/seo\/ -->\n<title>Zapato Botin De Seguridad Mujer Climber Viedma -<\/title>\n<meta name=\"robots\" content=\"index, follow, max-snippet:-1, max-image-preview:large, max-video-preview:-1\" \/>\n<link rel=\"canonical\" href=\"https:\/\/topseguridad.cl\/?product=zapato-botin-de-seguridad-mujer-climber-viedma\" \/>\n<meta property=\"og:locale\" content=\"es_ES\" \/>\n<meta property=\"og:type\" content=\"article\" \/>\n<meta property=\"og:title\" content=\"Zapato Botin De Seguridad Mujer Climber Viedma -\" \/>\n<meta property=\"og:description\" content=\"VER GUIA DE TALLAS ANTES DE COMPRAR, SE\u00d1ALA LA TALLA RESPECTO AL LARGO DEL PIE. 35 23,0 cm 36 23,7 cm 37 24,4 cm 38 25,1 cm 39 25,8 cm 40 26,5 cm 41 27,1 cm CONSTRUCCI\u00d3N: Cementado. APARADO: Cuero Nobuk \/ TPU WATER RESISTANT FORRO Split Leather y aislante t\u00e9rmico Thinsulate de 200grs. PLANTA: &hellip; Zapato Botin De Seguridad Mujer Climber Viedma Leer m\u00e1s &raquo;\" \/>\n<meta property=\"og:url\" content=\"https:\/\/topseguridad.cl\/?product=zapato-botin-de-seguridad-mujer-climber-viedma\" \/>\n<meta property=\"article:modified_time\" content=\"2023-05-28T18:18:13+00:00\" \/>\n<meta property=\"og:image\" content=\"https:\/\/topseguridad.cl\/wp-content\/uploads\/2023\/05\/Zapato-Botin-De-Seguridad-Mujer-Climber-Viedma.webp\" \/>\n\t<meta property=\"og:image:width\" content=\"1092\" \/>\n\t<meta property=\"og:image:height\" content=\"639\" \/>\n\t<meta property=\"og:image:type\" content=\"image\/webp\" \/>\n<meta name=\"twitter:card\" content=\"summary_large_image\" \/>\n<meta name=\"twitter:label1\" content=\"Tiempo de lectura\" \/>\n\t<meta name=\"twitter:data1\" content=\"1 minuto\" \/>\n<script type=\"application\/ld+json\" class=\"yoast-schema-graph\">{\"@context\":\"https:\/\/schema.org\",\"@graph\":[{\"@type\":\"WebPage\",\"@id\":\"https:\/\/topseguridad.cl\/?product=zapato-botin-de-seguridad-mujer-climber-viedma\",\"url\":\"https:\/\/topseguridad.cl\/?product=zapato-botin-de-seguridad-mujer-climber-viedma\",\"name\":\"Zapato Botin De Seguridad Mujer Climber Viedma -\",\"isPartOf\":{\"@id\":\"https:\/\/topseguridad.cl\/#website\"},\"datePublished\":\"2023-05-28T18:18:12+00:00\",\"dateModified\":\"2023-05-28T18:18:13+00:00\",\"breadcrumb\":{\"@id\":\"https:\/\/topseguridad.cl\/?product=zapato-botin-de-seguridad-mujer-climber-viedma#breadcrumb\"},\"inLanguage\":\"es\",\"potentialAction\":[{\"@type\":\"ReadAction\",\"target\":[\"https:\/\/topseguridad.cl\/?product=zapato-botin-de-seguridad-mujer-climber-viedma\"]}]},{\"@type\":\"BreadcrumbList\",\"@id\":\"https:\/\/topseguridad.cl\/?product=zapato-botin-de-seguridad-mujer-climber-viedma#breadcrumb\",\"itemListElement\":[{\"@type\":\"ListItem\",\"position\":1,\"name\":\"Portada\",\"item\":\"https:\/\/topseguridad.cl\/\"},{\"@type\":\"ListItem\",\"position\":2,\"name\":\"Tienda\",\"item\":\"https:\/\/topseguridad.cl\/?page_id=6\"},{\"@type\":\"ListItem\",\"position\":3,\"name\":\"Zapato Botin De Seguridad Mujer Climber Viedma\"}]},{\"@type\":\"WebSite\",\"@id\":\"https:\/\/topseguridad.cl\/#website\",\"url\":\"https:\/\/topseguridad.cl\/\",\"name\":\"\",\"description\":\"Venta elementos de protecci\u00f3n personal\",\"potentialAction\":[{\"@type\":\"SearchAction\",\"target\":{\"@type\":\"EntryPoint\",\"urlTemplate\":\"https:\/\/topseguridad.cl\/?s={search_term_string}\"},\"query-input\":\"required name=search_term_string\"}],\"inLanguage\":\"es\"}]}<\/script>\n<!-- \/ Yoast SEO plugin. -->","yoast_head_json":{"title":"Zapato Botin De Seguridad Mujer Climber Viedma -","robots":{"index":"index","follow":"follow","max-snippet":"max-snippet:-1","max-image-preview":"max-image-preview:large","max-video-preview":"max-video-preview:-1"},"canonical":"https:\/\/topseguridad.cl\/?product=zapato-botin-de-seguridad-mujer-climber-viedma","og_locale":"es_ES","og_type":"article","og_title":"Zapato Botin De Seguridad Mujer Climber Viedma -","og_description":"VER GUIA DE TALLAS ANTES DE COMPRAR, SE\u00d1ALA LA TALLA RESPECTO AL LARGO DEL PIE. 35 23,0 cm 36 23,7 cm 37 24,4 cm 38 25,1 cm 39 25,8 cm 40 26,5 cm 41 27,1 cm CONSTRUCCI\u00d3N: Cementado. APARADO: Cuero Nobuk \/ TPU WATER RESISTANT FORRO Split Leather y aislante t\u00e9rmico Thinsulate de 200grs. PLANTA: &hellip; Zapato Botin De Seguridad Mujer Climber Viedma Leer m\u00e1s &raquo;","og_url":"https:\/\/topseguridad.cl\/?product=zapato-botin-de-seguridad-mujer-climber-viedma","article_modified_time":"2023-05-28T18:18:13+00:00","og_image":[{"width":1092,"height":639,"url":"https:\/\/topseguridad.cl\/wp-content\/uploads\/2023\/05\/Zapato-Botin-De-Seguridad-Mujer-Climber-Viedma.webp","type":"image\/webp"}],"twitter_card":"summary_large_image","twitter_misc":{"Tiempo de lectura":"1 minuto"},"schema":{"@context":"https:\/\/schema.org","@graph":[{"@type":"WebPage","@id":"https:\/\/topseguridad.cl\/?product=zapato-botin-de-seguridad-mujer-climber-viedma","url":"https:\/\/topseguridad.cl\/?product=zapato-botin-de-seguridad-mujer-climber-viedma","name":"Zapato Botin De Seguridad Mujer Climber Viedma -","isPartOf":{"@id":"https:\/\/topseguridad.cl\/#website"},"datePublished":"2023-05-28T18:18:12+00:00","dateModified":"2023-05-28T18:18:13+00:00","breadcrumb":{"@id":"https:\/\/topseguridad.cl\/?product=zapato-botin-de-seguridad-mujer-climber-viedma#breadcrumb"},"inLanguage":"es","potentialAction":[{"@type":"ReadAction","target":["https:\/\/topseguridad.cl\/?product=zapato-botin-de-seguridad-mujer-climber-viedma"]}]},{"@type":"BreadcrumbList","@id":"https:\/\/topseguridad.cl\/?product=zapato-botin-de-seguridad-mujer-climber-viedma#breadcrumb","itemListElement":[{"@type":"ListItem","position":1,"name":"Portada","item":"https:\/\/topseguridad.cl\/"},{"@type":"ListItem","position":2,"name":"Tienda","item":"https:\/\/topseguridad.cl\/?page_id=6"},{"@type":"ListItem","position":3,"name":"Zapato Botin De Seguridad Mujer Climber Viedma"}]},{"@type":"WebSite","@id":"https:\/\/topseguridad.cl\/#website","url":"https:\/\/topseguridad.cl\/","name":"","description":"Venta elementos de protecci\u00f3n personal","potentialAction":[{"@type":"SearchAction","target":{"@type":"EntryPoint","urlTemplate":"https:\/\/topseguridad.cl\/?s={search_term_string}"},"query-input":"required name=search_term_string"}],"inLanguage":"es"}]}},"_links":{"self":[{"href":"https:\/\/topseguridad.cl\/index.php?rest_route=\/wp\/v2\/product\/405","targetHints":{"allow":["GET"]}}],"collection":[{"href":"https:\/\/topseguridad.cl\/index.php?rest_route=\/wp\/v2\/product"}],"about":[{"href":"https:\/\/topseguridad.cl\/index.php?rest_route=\/wp\/v2\/types\/product"}],"replies":[{"embeddable":true,"href":"https:\/\/topseguridad.cl\/index.php?rest_route=%2Fwp%2Fv2%2Fcomments&post=405"}],"wp:featuredmedia":[{"embeddable":true,"href":"https:\/\/topseguridad.cl\/index.php?rest_route=\/wp\/v2\/media\/406"}],"wp:attachment":[{"href":"https:\/\/topseguridad.cl\/index.php?rest_route=%2Fwp%2Fv2%2Fmedia&parent=405"}],"wp:term":[{"taxonomy":"product_cat","embeddable":true,"href":"https:\/\/topseguridad.cl\/index.php?rest_route=%2Fwp%2Fv2%2Fproduct_cat&post=405"},{"taxonomy":"product_tag","embeddable":true,"href":"https:\/\/topseguridad.cl\/index.php?rest_route=%2Fwp%2Fv2%2Fproduct_tag&post=405"}],"curies":[{"name":"wp","href":"https:\/\/api.w.org\/{rel}","templated":true}]}}