{"id":392,"date":"2023-05-28T17:46:45","date_gmt":"2023-05-28T17:46:45","guid":{"rendered":"https:\/\/topseguridad.cl\/?post_type=product&#038;p=392"},"modified":"2023-05-28T17:46:46","modified_gmt":"2023-05-28T17:46:46","slug":"bota-botin-de-seguridad-hw-bering-hiker-impermeable-thinsula","status":"publish","type":"product","link":"https:\/\/topseguridad.cl\/?product=bota-botin-de-seguridad-hw-bering-hiker-impermeable-thinsula","title":{"rendered":"Bota Botin De Seguridad Hw Bering Hiker Impermeable Thinsula"},"content":{"rendered":"<p>Bota t\u00e9cnica impermeable de alto rendimiento dise\u00f1ada para condiciones extremas \/ Su capellada combinada de cuero y goma entrega extra comodidad,<br \/>\nprotecci\u00f3n y una alta resistencia \/ El aislante t\u00e9rmico Thinsulate 3M entregar\u00e1 protecci\u00f3n en bajas temperaturas \/ Construcci\u00f3n cementada, con entresuela de Eva<br \/>\npara entregar amortiguaci\u00f3n y flexibilidad en el uso \/ Suela de goma antideslizante para brindar un mejor agarre y durabilidad con resistencia a altas temperaturas \/<br \/>\nEs un modelo dise\u00f1ado para condiciones extremas de baja temperatura, hielo, agua y nieve.<\/p>\n","protected":false},"excerpt":{"rendered":"<p>Bota t\u00e9cnica impermeable de alto rendimiento dise\u00f1ada para condiciones extremas \/ Su capellada combinada de cuero y goma entrega extra comodidad, protecci\u00f3n y una alta resistencia \/ El aislante t\u00e9rmico Thinsulate 3M entregar\u00e1 protecci\u00f3n en bajas temperaturas \/ Construcci\u00f3n cementada, con entresuela de Eva para entregar amortiguaci\u00f3n y flexibilidad en el uso \/ Suela de &hellip;<\/p>\n<p class=\"read-more\"> <a class=\"\" href=\"https:\/\/topseguridad.cl\/?product=bota-botin-de-seguridad-hw-bering-hiker-impermeable-thinsula\"> <span class=\"screen-reader-text\">Bota Botin De Seguridad Hw Bering Hiker Impermeable Thinsula<\/span> Leer m\u00e1s &raquo;<\/a><\/p>\n","protected":false},"featured_media":393,"comment_status":"open","ping_status":"closed","template":"","meta":{"site-sidebar-layout":"default","site-content-layout":"default","ast-global-header-display":"","ast-banner-title-visibility":"","ast-main-header-display":"","ast-hfb-above-header-display":"","ast-hfb-below-header-display":"","ast-hfb-mobile-header-display":"","site-post-title":"","ast-breadcrumbs-content":"","ast-featured-img":"","footer-sml-layout":"","theme-transparent-header-meta":"default","adv-header-id-meta":"","stick-header-meta":"","header-above-stick-meta":"","header-main-stick-meta":"","header-below-stick-meta":""},"product_cat":[19],"product_tag":[],"class_list":{"0":"post-392","1":"product","2":"type-product","3":"status-publish","4":"has-post-thumbnail","6":"product_cat-calzados","7":"desktop-align-left","8":"tablet-align-left","9":"mobile-align-left","11":"first","12":"instock","13":"shipping-taxable","14":"product-type-external"},"yoast_head":"<!-- This site is optimized with the Yoast SEO plugin v20.7 - https:\/\/yoast.com\/wordpress\/plugins\/seo\/ -->\n<title>Bota Botin De Seguridad Hw Bering Hiker Impermeable Thinsula -<\/title>\n<meta name=\"robots\" content=\"index, follow, max-snippet:-1, max-image-preview:large, max-video-preview:-1\" \/>\n<link rel=\"canonical\" href=\"https:\/\/topseguridad.cl\/?product=bota-botin-de-seguridad-hw-bering-hiker-impermeable-thinsula\" \/>\n<meta property=\"og:locale\" content=\"es_ES\" \/>\n<meta property=\"og:type\" content=\"article\" \/>\n<meta property=\"og:title\" content=\"Bota Botin De Seguridad Hw Bering Hiker Impermeable Thinsula -\" \/>\n<meta property=\"og:description\" content=\"Bota t\u00e9cnica impermeable de alto rendimiento dise\u00f1ada para condiciones extremas \/ Su capellada combinada de cuero y goma entrega extra comodidad, protecci\u00f3n y una alta resistencia \/ El aislante t\u00e9rmico Thinsulate 3M entregar\u00e1 protecci\u00f3n en bajas temperaturas \/ Construcci\u00f3n cementada, con entresuela de Eva para entregar amortiguaci\u00f3n y flexibilidad en el uso \/ Suela de &hellip; Bota Botin De Seguridad Hw Bering Hiker Impermeable Thinsula Leer m\u00e1s &raquo;\" \/>\n<meta property=\"og:url\" content=\"https:\/\/topseguridad.cl\/?product=bota-botin-de-seguridad-hw-bering-hiker-impermeable-thinsula\" \/>\n<meta property=\"article:modified_time\" content=\"2023-05-28T17:46:46+00:00\" \/>\n<meta property=\"og:image\" content=\"https:\/\/topseguridad.cl\/wp-content\/uploads\/2023\/05\/Bota-Botin-De-Seguridad-Hw-Bering-Hiker-Impermeable-Thinsula.webp\" \/>\n\t<meta property=\"og:image:width\" content=\"1200\" \/>\n\t<meta property=\"og:image:height\" content=\"794\" \/>\n\t<meta property=\"og:image:type\" content=\"image\/webp\" \/>\n<meta name=\"twitter:card\" content=\"summary_large_image\" \/>\n<meta name=\"twitter:label1\" content=\"Tiempo de lectura\" \/>\n\t<meta name=\"twitter:data1\" content=\"1 minuto\" \/>\n<script type=\"application\/ld+json\" class=\"yoast-schema-graph\">{\"@context\":\"https:\/\/schema.org\",\"@graph\":[{\"@type\":\"WebPage\",\"@id\":\"https:\/\/topseguridad.cl\/?product=bota-botin-de-seguridad-hw-bering-hiker-impermeable-thinsula\",\"url\":\"https:\/\/topseguridad.cl\/?product=bota-botin-de-seguridad-hw-bering-hiker-impermeable-thinsula\",\"name\":\"Bota Botin De Seguridad Hw Bering Hiker Impermeable Thinsula -\",\"isPartOf\":{\"@id\":\"https:\/\/topseguridad.cl\/#website\"},\"datePublished\":\"2023-05-28T17:46:45+00:00\",\"dateModified\":\"2023-05-28T17:46:46+00:00\",\"breadcrumb\":{\"@id\":\"https:\/\/topseguridad.cl\/?product=bota-botin-de-seguridad-hw-bering-hiker-impermeable-thinsula#breadcrumb\"},\"inLanguage\":\"es\",\"potentialAction\":[{\"@type\":\"ReadAction\",\"target\":[\"https:\/\/topseguridad.cl\/?product=bota-botin-de-seguridad-hw-bering-hiker-impermeable-thinsula\"]}]},{\"@type\":\"BreadcrumbList\",\"@id\":\"https:\/\/topseguridad.cl\/?product=bota-botin-de-seguridad-hw-bering-hiker-impermeable-thinsula#breadcrumb\",\"itemListElement\":[{\"@type\":\"ListItem\",\"position\":1,\"name\":\"Portada\",\"item\":\"https:\/\/topseguridad.cl\/\"},{\"@type\":\"ListItem\",\"position\":2,\"name\":\"Tienda\",\"item\":\"https:\/\/topseguridad.cl\/?page_id=6\"},{\"@type\":\"ListItem\",\"position\":3,\"name\":\"Bota Botin De Seguridad Hw Bering Hiker Impermeable Thinsula\"}]},{\"@type\":\"WebSite\",\"@id\":\"https:\/\/topseguridad.cl\/#website\",\"url\":\"https:\/\/topseguridad.cl\/\",\"name\":\"\",\"description\":\"Venta elementos de protecci\u00f3n personal\",\"potentialAction\":[{\"@type\":\"SearchAction\",\"target\":{\"@type\":\"EntryPoint\",\"urlTemplate\":\"https:\/\/topseguridad.cl\/?s={search_term_string}\"},\"query-input\":\"required name=search_term_string\"}],\"inLanguage\":\"es\"}]}<\/script>\n<!-- \/ Yoast SEO plugin. -->","yoast_head_json":{"title":"Bota Botin De Seguridad Hw Bering Hiker Impermeable Thinsula -","robots":{"index":"index","follow":"follow","max-snippet":"max-snippet:-1","max-image-preview":"max-image-preview:large","max-video-preview":"max-video-preview:-1"},"canonical":"https:\/\/topseguridad.cl\/?product=bota-botin-de-seguridad-hw-bering-hiker-impermeable-thinsula","og_locale":"es_ES","og_type":"article","og_title":"Bota Botin De Seguridad Hw Bering Hiker Impermeable Thinsula -","og_description":"Bota t\u00e9cnica impermeable de alto rendimiento dise\u00f1ada para condiciones extremas \/ Su capellada combinada de cuero y goma entrega extra comodidad, protecci\u00f3n y una alta resistencia \/ El aislante t\u00e9rmico Thinsulate 3M entregar\u00e1 protecci\u00f3n en bajas temperaturas \/ Construcci\u00f3n cementada, con entresuela de Eva para entregar amortiguaci\u00f3n y flexibilidad en el uso \/ Suela de &hellip; Bota Botin De Seguridad Hw Bering Hiker Impermeable Thinsula Leer m\u00e1s &raquo;","og_url":"https:\/\/topseguridad.cl\/?product=bota-botin-de-seguridad-hw-bering-hiker-impermeable-thinsula","article_modified_time":"2023-05-28T17:46:46+00:00","og_image":[{"width":1200,"height":794,"url":"https:\/\/topseguridad.cl\/wp-content\/uploads\/2023\/05\/Bota-Botin-De-Seguridad-Hw-Bering-Hiker-Impermeable-Thinsula.webp","type":"image\/webp"}],"twitter_card":"summary_large_image","twitter_misc":{"Tiempo de lectura":"1 minuto"},"schema":{"@context":"https:\/\/schema.org","@graph":[{"@type":"WebPage","@id":"https:\/\/topseguridad.cl\/?product=bota-botin-de-seguridad-hw-bering-hiker-impermeable-thinsula","url":"https:\/\/topseguridad.cl\/?product=bota-botin-de-seguridad-hw-bering-hiker-impermeable-thinsula","name":"Bota Botin De Seguridad Hw Bering Hiker Impermeable Thinsula -","isPartOf":{"@id":"https:\/\/topseguridad.cl\/#website"},"datePublished":"2023-05-28T17:46:45+00:00","dateModified":"2023-05-28T17:46:46+00:00","breadcrumb":{"@id":"https:\/\/topseguridad.cl\/?product=bota-botin-de-seguridad-hw-bering-hiker-impermeable-thinsula#breadcrumb"},"inLanguage":"es","potentialAction":[{"@type":"ReadAction","target":["https:\/\/topseguridad.cl\/?product=bota-botin-de-seguridad-hw-bering-hiker-impermeable-thinsula"]}]},{"@type":"BreadcrumbList","@id":"https:\/\/topseguridad.cl\/?product=bota-botin-de-seguridad-hw-bering-hiker-impermeable-thinsula#breadcrumb","itemListElement":[{"@type":"ListItem","position":1,"name":"Portada","item":"https:\/\/topseguridad.cl\/"},{"@type":"ListItem","position":2,"name":"Tienda","item":"https:\/\/topseguridad.cl\/?page_id=6"},{"@type":"ListItem","position":3,"name":"Bota Botin De Seguridad Hw Bering Hiker Impermeable Thinsula"}]},{"@type":"WebSite","@id":"https:\/\/topseguridad.cl\/#website","url":"https:\/\/topseguridad.cl\/","name":"","description":"Venta elementos de protecci\u00f3n personal","potentialAction":[{"@type":"SearchAction","target":{"@type":"EntryPoint","urlTemplate":"https:\/\/topseguridad.cl\/?s={search_term_string}"},"query-input":"required name=search_term_string"}],"inLanguage":"es"}]}},"_links":{"self":[{"href":"https:\/\/topseguridad.cl\/index.php?rest_route=\/wp\/v2\/product\/392","targetHints":{"allow":["GET"]}}],"collection":[{"href":"https:\/\/topseguridad.cl\/index.php?rest_route=\/wp\/v2\/product"}],"about":[{"href":"https:\/\/topseguridad.cl\/index.php?rest_route=\/wp\/v2\/types\/product"}],"replies":[{"embeddable":true,"href":"https:\/\/topseguridad.cl\/index.php?rest_route=%2Fwp%2Fv2%2Fcomments&post=392"}],"wp:featuredmedia":[{"embeddable":true,"href":"https:\/\/topseguridad.cl\/index.php?rest_route=\/wp\/v2\/media\/393"}],"wp:attachment":[{"href":"https:\/\/topseguridad.cl\/index.php?rest_route=%2Fwp%2Fv2%2Fmedia&parent=392"}],"wp:term":[{"taxonomy":"product_cat","embeddable":true,"href":"https:\/\/topseguridad.cl\/index.php?rest_route=%2Fwp%2Fv2%2Fproduct_cat&post=392"},{"taxonomy":"product_tag","embeddable":true,"href":"https:\/\/topseguridad.cl\/index.php?rest_route=%2Fwp%2Fv2%2Fproduct_tag&post=392"}],"curies":[{"name":"wp","href":"https:\/\/api.w.org\/{rel}","templated":true}]}}