{"id":379,"date":"2023-05-28T02:10:55","date_gmt":"2023-05-28T02:10:55","guid":{"rendered":"https:\/\/topseguridad.cl\/?post_type=product&#038;p=379"},"modified":"2023-05-28T02:11:01","modified_gmt":"2023-05-28T02:11:01","slug":"pantalon-cargo-gabardina-mujer","status":"publish","type":"product","link":"https:\/\/topseguridad.cl\/?product=pantalon-cargo-gabardina-mujer","title":{"rendered":"Pantalon Cargo Gabardina Mujer"},"content":{"rendered":"<p>Estilo cl\u00e1sico y utilitario.<br \/>\nLiso ideal para trabajo.<br \/>\nTela gabardina de alta durabilidad.<br \/>\nLady Fit, con pinzas de entalle en caderas y pierna.<br \/>\nDos bolsillos cargos laterales.<\/p>\n<p>Especificaciones De Producto:<\/p>\n<p>Tela: Gabardina.<br \/>\nCalce: Regular<br \/>\nComposici\u00f3n: 65% Poli\u00e9ster 35% Algod\u00f3n.<br \/>\nGramaje: 235 Gr.<\/p>\n","protected":false},"excerpt":{"rendered":"<p>Estilo cl\u00e1sico y utilitario. Liso ideal para trabajo. Tela gabardina de alta durabilidad. Lady Fit, con pinzas de entalle en caderas y pierna. Dos bolsillos cargos laterales. Especificaciones De Producto: Tela: Gabardina. Calce: Regular Composici\u00f3n: 65% Poli\u00e9ster 35% Algod\u00f3n. Gramaje: 235 Gr.<\/p>\n","protected":false},"featured_media":380,"comment_status":"open","ping_status":"closed","template":"","meta":{"site-sidebar-layout":"default","site-content-layout":"default","ast-global-header-display":"","ast-banner-title-visibility":"","ast-main-header-display":"","ast-hfb-above-header-display":"","ast-hfb-below-header-display":"","ast-hfb-mobile-header-display":"","site-post-title":"","ast-breadcrumbs-content":"","ast-featured-img":"","footer-sml-layout":"","theme-transparent-header-meta":"default","adv-header-id-meta":"","stick-header-meta":"","header-above-stick-meta":"","header-main-stick-meta":"","header-below-stick-meta":""},"product_cat":[23],"product_tag":[],"class_list":{"0":"post-379","1":"product","2":"type-product","3":"status-publish","4":"has-post-thumbnail","6":"product_cat-ropa-de-trabajo","7":"desktop-align-left","8":"tablet-align-left","9":"mobile-align-left","11":"first","12":"instock","13":"shipping-taxable","14":"product-type-external"},"yoast_head":"<!-- This site is optimized with the Yoast SEO plugin v20.7 - https:\/\/yoast.com\/wordpress\/plugins\/seo\/ -->\n<title>Pantalon Cargo Gabardina Mujer -<\/title>\n<meta name=\"robots\" content=\"index, follow, max-snippet:-1, max-image-preview:large, max-video-preview:-1\" \/>\n<link rel=\"canonical\" href=\"https:\/\/topseguridad.cl\/?product=pantalon-cargo-gabardina-mujer\" \/>\n<meta property=\"og:locale\" content=\"es_ES\" \/>\n<meta property=\"og:type\" content=\"article\" \/>\n<meta property=\"og:title\" content=\"Pantalon Cargo Gabardina Mujer -\" \/>\n<meta property=\"og:description\" content=\"Estilo cl\u00e1sico y utilitario. Liso ideal para trabajo. Tela gabardina de alta durabilidad. Lady Fit, con pinzas de entalle en caderas y pierna. Dos bolsillos cargos laterales. Especificaciones De Producto: Tela: Gabardina. Calce: Regular Composici\u00f3n: 65% Poli\u00e9ster 35% Algod\u00f3n. Gramaje: 235 Gr.\" \/>\n<meta property=\"og:url\" content=\"https:\/\/topseguridad.cl\/?product=pantalon-cargo-gabardina-mujer\" \/>\n<meta property=\"article:modified_time\" content=\"2023-05-28T02:11:01+00:00\" \/>\n<meta property=\"og:image\" content=\"https:\/\/topseguridad.cl\/wp-content\/uploads\/2023\/05\/Pantalon-Cargo-Gabardina-Mujer-1.webp\" \/>\n\t<meta property=\"og:image:width\" content=\"590\" \/>\n\t<meta property=\"og:image:height\" content=\"1200\" \/>\n\t<meta property=\"og:image:type\" content=\"image\/webp\" \/>\n<meta name=\"twitter:card\" content=\"summary_large_image\" \/>\n<meta name=\"twitter:label1\" content=\"Tiempo de lectura\" \/>\n\t<meta name=\"twitter:data1\" content=\"1 minuto\" \/>\n<script type=\"application\/ld+json\" class=\"yoast-schema-graph\">{\"@context\":\"https:\/\/schema.org\",\"@graph\":[{\"@type\":\"WebPage\",\"@id\":\"https:\/\/topseguridad.cl\/?product=pantalon-cargo-gabardina-mujer\",\"url\":\"https:\/\/topseguridad.cl\/?product=pantalon-cargo-gabardina-mujer\",\"name\":\"Pantalon Cargo Gabardina Mujer -\",\"isPartOf\":{\"@id\":\"https:\/\/topseguridad.cl\/#website\"},\"datePublished\":\"2023-05-28T02:10:55+00:00\",\"dateModified\":\"2023-05-28T02:11:01+00:00\",\"breadcrumb\":{\"@id\":\"https:\/\/topseguridad.cl\/?product=pantalon-cargo-gabardina-mujer#breadcrumb\"},\"inLanguage\":\"es\",\"potentialAction\":[{\"@type\":\"ReadAction\",\"target\":[\"https:\/\/topseguridad.cl\/?product=pantalon-cargo-gabardina-mujer\"]}]},{\"@type\":\"BreadcrumbList\",\"@id\":\"https:\/\/topseguridad.cl\/?product=pantalon-cargo-gabardina-mujer#breadcrumb\",\"itemListElement\":[{\"@type\":\"ListItem\",\"position\":1,\"name\":\"Portada\",\"item\":\"https:\/\/topseguridad.cl\/\"},{\"@type\":\"ListItem\",\"position\":2,\"name\":\"Tienda\",\"item\":\"https:\/\/topseguridad.cl\/?page_id=6\"},{\"@type\":\"ListItem\",\"position\":3,\"name\":\"Pantalon Cargo Gabardina Mujer\"}]},{\"@type\":\"WebSite\",\"@id\":\"https:\/\/topseguridad.cl\/#website\",\"url\":\"https:\/\/topseguridad.cl\/\",\"name\":\"\",\"description\":\"Venta elementos de protecci\u00f3n personal\",\"potentialAction\":[{\"@type\":\"SearchAction\",\"target\":{\"@type\":\"EntryPoint\",\"urlTemplate\":\"https:\/\/topseguridad.cl\/?s={search_term_string}\"},\"query-input\":\"required name=search_term_string\"}],\"inLanguage\":\"es\"}]}<\/script>\n<!-- \/ Yoast SEO plugin. -->","yoast_head_json":{"title":"Pantalon Cargo Gabardina Mujer -","robots":{"index":"index","follow":"follow","max-snippet":"max-snippet:-1","max-image-preview":"max-image-preview:large","max-video-preview":"max-video-preview:-1"},"canonical":"https:\/\/topseguridad.cl\/?product=pantalon-cargo-gabardina-mujer","og_locale":"es_ES","og_type":"article","og_title":"Pantalon Cargo Gabardina Mujer -","og_description":"Estilo cl\u00e1sico y utilitario. Liso ideal para trabajo. Tela gabardina de alta durabilidad. Lady Fit, con pinzas de entalle en caderas y pierna. Dos bolsillos cargos laterales. Especificaciones De Producto: Tela: Gabardina. Calce: Regular Composici\u00f3n: 65% Poli\u00e9ster 35% Algod\u00f3n. Gramaje: 235 Gr.","og_url":"https:\/\/topseguridad.cl\/?product=pantalon-cargo-gabardina-mujer","article_modified_time":"2023-05-28T02:11:01+00:00","og_image":[{"width":590,"height":1200,"url":"https:\/\/topseguridad.cl\/wp-content\/uploads\/2023\/05\/Pantalon-Cargo-Gabardina-Mujer-1.webp","type":"image\/webp"}],"twitter_card":"summary_large_image","twitter_misc":{"Tiempo de lectura":"1 minuto"},"schema":{"@context":"https:\/\/schema.org","@graph":[{"@type":"WebPage","@id":"https:\/\/topseguridad.cl\/?product=pantalon-cargo-gabardina-mujer","url":"https:\/\/topseguridad.cl\/?product=pantalon-cargo-gabardina-mujer","name":"Pantalon Cargo Gabardina Mujer -","isPartOf":{"@id":"https:\/\/topseguridad.cl\/#website"},"datePublished":"2023-05-28T02:10:55+00:00","dateModified":"2023-05-28T02:11:01+00:00","breadcrumb":{"@id":"https:\/\/topseguridad.cl\/?product=pantalon-cargo-gabardina-mujer#breadcrumb"},"inLanguage":"es","potentialAction":[{"@type":"ReadAction","target":["https:\/\/topseguridad.cl\/?product=pantalon-cargo-gabardina-mujer"]}]},{"@type":"BreadcrumbList","@id":"https:\/\/topseguridad.cl\/?product=pantalon-cargo-gabardina-mujer#breadcrumb","itemListElement":[{"@type":"ListItem","position":1,"name":"Portada","item":"https:\/\/topseguridad.cl\/"},{"@type":"ListItem","position":2,"name":"Tienda","item":"https:\/\/topseguridad.cl\/?page_id=6"},{"@type":"ListItem","position":3,"name":"Pantalon Cargo Gabardina Mujer"}]},{"@type":"WebSite","@id":"https:\/\/topseguridad.cl\/#website","url":"https:\/\/topseguridad.cl\/","name":"","description":"Venta elementos de protecci\u00f3n personal","potentialAction":[{"@type":"SearchAction","target":{"@type":"EntryPoint","urlTemplate":"https:\/\/topseguridad.cl\/?s={search_term_string}"},"query-input":"required name=search_term_string"}],"inLanguage":"es"}]}},"_links":{"self":[{"href":"https:\/\/topseguridad.cl\/index.php?rest_route=\/wp\/v2\/product\/379","targetHints":{"allow":["GET"]}}],"collection":[{"href":"https:\/\/topseguridad.cl\/index.php?rest_route=\/wp\/v2\/product"}],"about":[{"href":"https:\/\/topseguridad.cl\/index.php?rest_route=\/wp\/v2\/types\/product"}],"replies":[{"embeddable":true,"href":"https:\/\/topseguridad.cl\/index.php?rest_route=%2Fwp%2Fv2%2Fcomments&post=379"}],"wp:featuredmedia":[{"embeddable":true,"href":"https:\/\/topseguridad.cl\/index.php?rest_route=\/wp\/v2\/media\/380"}],"wp:attachment":[{"href":"https:\/\/topseguridad.cl\/index.php?rest_route=%2Fwp%2Fv2%2Fmedia&parent=379"}],"wp:term":[{"taxonomy":"product_cat","embeddable":true,"href":"https:\/\/topseguridad.cl\/index.php?rest_route=%2Fwp%2Fv2%2Fproduct_cat&post=379"},{"taxonomy":"product_tag","embeddable":true,"href":"https:\/\/topseguridad.cl\/index.php?rest_route=%2Fwp%2Fv2%2Fproduct_tag&post=379"}],"curies":[{"name":"wp","href":"https:\/\/api.w.org\/{rel}","templated":true}]}}