{"id":376,"date":"2023-05-28T02:08:28","date_gmt":"2023-05-28T02:08:28","guid":{"rendered":"https:\/\/topseguridad.cl\/?post_type=product&#038;p=376"},"modified":"2023-05-28T02:08:42","modified_gmt":"2023-05-28T02:08:42","slug":"zapato-botin-de-seguridad-chamonix-dielectrico-thinsulate","status":"publish","type":"product","link":"https:\/\/topseguridad.cl\/?product=zapato-botin-de-seguridad-chamonix-dielectrico-thinsulate","title":{"rendered":"Zapato Botin De Seguridad Chamonix Diel\u00e9ctrico Thinsulate"},"content":{"rendered":"<p>CONSTRUCCI\u00d3N:<br \/>\nCementado.<\/p>\n<p>APARADO:<br \/>\nCuero Nubuck Water Resistant.<\/p>\n<p>FORRO<br \/>\nSplit Leather y aislante t\u00e9rmico Thinsulate de 200grs<\/p>\n<p>CUELLO Y SUPLENTE: Cuero Napa.<\/p>\n<p>PLANTA:<br \/>\nBimaterialidad (caucho acrilo nitrilo \/EVA) resistente a hidrocarburos, aislante el\u00e9ctrica, con sistema Anti Torsion que ayuda a prevenir las torceduras de tobillos y Antislip (EN ISO 13287).<\/p>\n<p>PUNTERA:<br \/>\nComposite de alta resistencia, seg\u00fan Norma NCh 772 \/ 2.<\/p>\n<p>PLANTILLA DE ARMADO:<br \/>\nPenetration Proof Super Light (Anticlavo), compuesto por un tejido s\u00faper liviano, suave, flexible y de alta resistencia a la perforaci\u00f3n seg\u00fan norma NCh 1797.Of92; otorgando al usuario un alto nivel de seguridad, confiabilidad y comodidad.<\/p>\n<p>PLANTILLA INTERIOR:<br \/>\nPoliuretano inyectado con tratamiento antimic\u00f3tico y tecnolog\u00edas SHOCK ABSORBER \/ COMFORT FIT.<\/p>\n<p>CLS<br \/>\nSistema de acordonado rotatorio con ajuste<br \/>\ncontrolado de presi\u00f3n y descalce r\u00e1pido.<\/p>\n<p>CONTRAFUERTE<br \/>\nTermopl\u00e1stico cementado<\/p>\n","protected":false},"excerpt":{"rendered":"<p>CONSTRUCCI\u00d3N: Cementado. APARADO: Cuero Nubuck Water Resistant. FORRO Split Leather y aislante t\u00e9rmico Thinsulate de 200grs CUELLO Y SUPLENTE: Cuero Napa. PLANTA: Bimaterialidad (caucho acrilo nitrilo \/EVA) resistente a hidrocarburos, aislante el\u00e9ctrica, con sistema Anti Torsion que ayuda a prevenir las torceduras de tobillos y Antislip (EN ISO 13287). PUNTERA: Composite de alta resistencia, seg\u00fan &hellip;<\/p>\n<p class=\"read-more\"> <a class=\"\" href=\"https:\/\/topseguridad.cl\/?product=zapato-botin-de-seguridad-chamonix-dielectrico-thinsulate\"> <span class=\"screen-reader-text\">Zapato Botin De Seguridad Chamonix Diel\u00e9ctrico Thinsulate<\/span> Leer m\u00e1s &raquo;<\/a><\/p>\n","protected":false},"featured_media":377,"comment_status":"open","ping_status":"closed","template":"","meta":{"site-sidebar-layout":"default","site-content-layout":"default","ast-global-header-display":"","ast-banner-title-visibility":"","ast-main-header-display":"","ast-hfb-above-header-display":"","ast-hfb-below-header-display":"","ast-hfb-mobile-header-display":"","site-post-title":"","ast-breadcrumbs-content":"","ast-featured-img":"","footer-sml-layout":"","theme-transparent-header-meta":"default","adv-header-id-meta":"","stick-header-meta":"","header-above-stick-meta":"","header-main-stick-meta":"","header-below-stick-meta":""},"product_cat":[19],"product_tag":[],"class_list":{"0":"post-376","1":"product","2":"type-product","3":"status-publish","4":"has-post-thumbnail","6":"product_cat-calzados","7":"desktop-align-left","8":"tablet-align-left","9":"mobile-align-left","11":"first","12":"instock","13":"shipping-taxable","14":"product-type-external"},"yoast_head":"<!-- This site is optimized with the Yoast SEO plugin v20.7 - https:\/\/yoast.com\/wordpress\/plugins\/seo\/ -->\n<title>Zapato Botin De Seguridad Chamonix Diel\u00e9ctrico Thinsulate -<\/title>\n<meta name=\"robots\" content=\"index, follow, max-snippet:-1, max-image-preview:large, max-video-preview:-1\" \/>\n<link rel=\"canonical\" href=\"https:\/\/topseguridad.cl\/?product=zapato-botin-de-seguridad-chamonix-dielectrico-thinsulate\" \/>\n<meta property=\"og:locale\" content=\"es_ES\" \/>\n<meta property=\"og:type\" content=\"article\" \/>\n<meta property=\"og:title\" content=\"Zapato Botin De Seguridad Chamonix Diel\u00e9ctrico Thinsulate -\" \/>\n<meta property=\"og:description\" content=\"CONSTRUCCI\u00d3N: Cementado. APARADO: Cuero Nubuck Water Resistant. FORRO Split Leather y aislante t\u00e9rmico Thinsulate de 200grs CUELLO Y SUPLENTE: Cuero Napa. PLANTA: Bimaterialidad (caucho acrilo nitrilo \/EVA) resistente a hidrocarburos, aislante el\u00e9ctrica, con sistema Anti Torsion que ayuda a prevenir las torceduras de tobillos y Antislip (EN ISO 13287). PUNTERA: Composite de alta resistencia, seg\u00fan &hellip; Zapato Botin De Seguridad Chamonix Diel\u00e9ctrico Thinsulate Leer m\u00e1s &raquo;\" \/>\n<meta property=\"og:url\" content=\"https:\/\/topseguridad.cl\/?product=zapato-botin-de-seguridad-chamonix-dielectrico-thinsulate\" \/>\n<meta property=\"article:modified_time\" content=\"2023-05-28T02:08:42+00:00\" \/>\n<meta property=\"og:image\" content=\"https:\/\/topseguridad.cl\/wp-content\/uploads\/2023\/05\/Zapato-Botin-De-Seguridad-Chamonix-Dielectrico-Thinsulate.webp\" \/>\n\t<meta property=\"og:image:width\" content=\"930\" \/>\n\t<meta property=\"og:image:height\" content=\"573\" \/>\n\t<meta property=\"og:image:type\" content=\"image\/webp\" \/>\n<meta name=\"twitter:card\" content=\"summary_large_image\" \/>\n<meta name=\"twitter:label1\" content=\"Tiempo de lectura\" \/>\n\t<meta name=\"twitter:data1\" content=\"1 minuto\" \/>\n<script type=\"application\/ld+json\" class=\"yoast-schema-graph\">{\"@context\":\"https:\/\/schema.org\",\"@graph\":[{\"@type\":\"WebPage\",\"@id\":\"https:\/\/topseguridad.cl\/?product=zapato-botin-de-seguridad-chamonix-dielectrico-thinsulate\",\"url\":\"https:\/\/topseguridad.cl\/?product=zapato-botin-de-seguridad-chamonix-dielectrico-thinsulate\",\"name\":\"Zapato Botin De Seguridad Chamonix Diel\u00e9ctrico Thinsulate -\",\"isPartOf\":{\"@id\":\"https:\/\/topseguridad.cl\/#website\"},\"datePublished\":\"2023-05-28T02:08:28+00:00\",\"dateModified\":\"2023-05-28T02:08:42+00:00\",\"breadcrumb\":{\"@id\":\"https:\/\/topseguridad.cl\/?product=zapato-botin-de-seguridad-chamonix-dielectrico-thinsulate#breadcrumb\"},\"inLanguage\":\"es\",\"potentialAction\":[{\"@type\":\"ReadAction\",\"target\":[\"https:\/\/topseguridad.cl\/?product=zapato-botin-de-seguridad-chamonix-dielectrico-thinsulate\"]}]},{\"@type\":\"BreadcrumbList\",\"@id\":\"https:\/\/topseguridad.cl\/?product=zapato-botin-de-seguridad-chamonix-dielectrico-thinsulate#breadcrumb\",\"itemListElement\":[{\"@type\":\"ListItem\",\"position\":1,\"name\":\"Portada\",\"item\":\"https:\/\/topseguridad.cl\/\"},{\"@type\":\"ListItem\",\"position\":2,\"name\":\"Tienda\",\"item\":\"https:\/\/topseguridad.cl\/?page_id=6\"},{\"@type\":\"ListItem\",\"position\":3,\"name\":\"Zapato Botin De Seguridad Chamonix Diel\u00e9ctrico Thinsulate\"}]},{\"@type\":\"WebSite\",\"@id\":\"https:\/\/topseguridad.cl\/#website\",\"url\":\"https:\/\/topseguridad.cl\/\",\"name\":\"\",\"description\":\"Venta elementos de protecci\u00f3n personal\",\"potentialAction\":[{\"@type\":\"SearchAction\",\"target\":{\"@type\":\"EntryPoint\",\"urlTemplate\":\"https:\/\/topseguridad.cl\/?s={search_term_string}\"},\"query-input\":\"required name=search_term_string\"}],\"inLanguage\":\"es\"}]}<\/script>\n<!-- \/ Yoast SEO plugin. -->","yoast_head_json":{"title":"Zapato Botin De Seguridad Chamonix Diel\u00e9ctrico Thinsulate -","robots":{"index":"index","follow":"follow","max-snippet":"max-snippet:-1","max-image-preview":"max-image-preview:large","max-video-preview":"max-video-preview:-1"},"canonical":"https:\/\/topseguridad.cl\/?product=zapato-botin-de-seguridad-chamonix-dielectrico-thinsulate","og_locale":"es_ES","og_type":"article","og_title":"Zapato Botin De Seguridad Chamonix Diel\u00e9ctrico Thinsulate -","og_description":"CONSTRUCCI\u00d3N: Cementado. APARADO: Cuero Nubuck Water Resistant. FORRO Split Leather y aislante t\u00e9rmico Thinsulate de 200grs CUELLO Y SUPLENTE: Cuero Napa. PLANTA: Bimaterialidad (caucho acrilo nitrilo \/EVA) resistente a hidrocarburos, aislante el\u00e9ctrica, con sistema Anti Torsion que ayuda a prevenir las torceduras de tobillos y Antislip (EN ISO 13287). PUNTERA: Composite de alta resistencia, seg\u00fan &hellip; Zapato Botin De Seguridad Chamonix Diel\u00e9ctrico Thinsulate Leer m\u00e1s &raquo;","og_url":"https:\/\/topseguridad.cl\/?product=zapato-botin-de-seguridad-chamonix-dielectrico-thinsulate","article_modified_time":"2023-05-28T02:08:42+00:00","og_image":[{"width":930,"height":573,"url":"https:\/\/topseguridad.cl\/wp-content\/uploads\/2023\/05\/Zapato-Botin-De-Seguridad-Chamonix-Dielectrico-Thinsulate.webp","type":"image\/webp"}],"twitter_card":"summary_large_image","twitter_misc":{"Tiempo de lectura":"1 minuto"},"schema":{"@context":"https:\/\/schema.org","@graph":[{"@type":"WebPage","@id":"https:\/\/topseguridad.cl\/?product=zapato-botin-de-seguridad-chamonix-dielectrico-thinsulate","url":"https:\/\/topseguridad.cl\/?product=zapato-botin-de-seguridad-chamonix-dielectrico-thinsulate","name":"Zapato Botin De Seguridad Chamonix Diel\u00e9ctrico Thinsulate -","isPartOf":{"@id":"https:\/\/topseguridad.cl\/#website"},"datePublished":"2023-05-28T02:08:28+00:00","dateModified":"2023-05-28T02:08:42+00:00","breadcrumb":{"@id":"https:\/\/topseguridad.cl\/?product=zapato-botin-de-seguridad-chamonix-dielectrico-thinsulate#breadcrumb"},"inLanguage":"es","potentialAction":[{"@type":"ReadAction","target":["https:\/\/topseguridad.cl\/?product=zapato-botin-de-seguridad-chamonix-dielectrico-thinsulate"]}]},{"@type":"BreadcrumbList","@id":"https:\/\/topseguridad.cl\/?product=zapato-botin-de-seguridad-chamonix-dielectrico-thinsulate#breadcrumb","itemListElement":[{"@type":"ListItem","position":1,"name":"Portada","item":"https:\/\/topseguridad.cl\/"},{"@type":"ListItem","position":2,"name":"Tienda","item":"https:\/\/topseguridad.cl\/?page_id=6"},{"@type":"ListItem","position":3,"name":"Zapato Botin De Seguridad Chamonix Diel\u00e9ctrico Thinsulate"}]},{"@type":"WebSite","@id":"https:\/\/topseguridad.cl\/#website","url":"https:\/\/topseguridad.cl\/","name":"","description":"Venta elementos de protecci\u00f3n personal","potentialAction":[{"@type":"SearchAction","target":{"@type":"EntryPoint","urlTemplate":"https:\/\/topseguridad.cl\/?s={search_term_string}"},"query-input":"required name=search_term_string"}],"inLanguage":"es"}]}},"_links":{"self":[{"href":"https:\/\/topseguridad.cl\/index.php?rest_route=\/wp\/v2\/product\/376","targetHints":{"allow":["GET"]}}],"collection":[{"href":"https:\/\/topseguridad.cl\/index.php?rest_route=\/wp\/v2\/product"}],"about":[{"href":"https:\/\/topseguridad.cl\/index.php?rest_route=\/wp\/v2\/types\/product"}],"replies":[{"embeddable":true,"href":"https:\/\/topseguridad.cl\/index.php?rest_route=%2Fwp%2Fv2%2Fcomments&post=376"}],"wp:featuredmedia":[{"embeddable":true,"href":"https:\/\/topseguridad.cl\/index.php?rest_route=\/wp\/v2\/media\/377"}],"wp:attachment":[{"href":"https:\/\/topseguridad.cl\/index.php?rest_route=%2Fwp%2Fv2%2Fmedia&parent=376"}],"wp:term":[{"taxonomy":"product_cat","embeddable":true,"href":"https:\/\/topseguridad.cl\/index.php?rest_route=%2Fwp%2Fv2%2Fproduct_cat&post=376"},{"taxonomy":"product_tag","embeddable":true,"href":"https:\/\/topseguridad.cl\/index.php?rest_route=%2Fwp%2Fv2%2Fproduct_tag&post=376"}],"curies":[{"name":"wp","href":"https:\/\/api.w.org\/{rel}","templated":true}]}}